 - 504/(-16))?
97
Calculate the remainder when 339 is divided by (-2 - 0) + 68/8*6.
45
Let y = -65 - -83. What is the remainder when 118 is divided by y?
10
Suppose 551*r + 56 = 553*r. What is the remainder when r is divided by (-4)/(-10)*(0 + 25)?
8
Suppose 3*h - 3 = a - 0*h, 0 = 2*h - 8. Suppose 5*y = -5*x + 35, -25 = 5*x - 10*x - 3*y. What is the remainder when a is divided by x?
1
Let w be -9*-3*(-8)/(-12). Let p = w - 36. Let k = -6 - p. Calculate the remainder when 34 is divided by k.
10
Let y = 1160 + -1119. Calculate the remainder when 2582 is divided by y.
40
Let n = 30 - 37. What is the remainder when (3/(-5))/(n/210) is divided by 11?
7
Suppose 4*p - 3*p - 10 = -5*i, 2*i - 3*p = 4. Suppose -364 = -3*w - i*d + d, -112 = -w - 5*d. What is the remainder when w is divided by 31?
29
Suppose 0 = 3*u + 171 - 177. Let f(x) = 7*x**2 + 6*x - 5. What is the remainder when f(u) is divided by 18?
17
Suppose -x = -4*u + 110, 4*u + 3*x + 42 = 160. Calculate the remainder when 445 is divided by u.
25
Suppose 8*b - 10 = 7*b. Let p = b + 3. Calculate the remainder when p is divided by (-60)/(-4)*(-3)/(-5).
4
Let b be (4/4 - 4) + 581. Suppose -l = 4*y - 2*l - b, -4*y - 2*l = -584. What is the remainder when y is divided by 49?
47
Suppose 3*d + 19 - 133 = 0. Let s = -29 + d. Calculate the remainder when 21 is divided by s.
3
Suppose -4*s - 375 = -5*d - s, 3*d + 5*s = 259. Calculate the remainder when 155 is divided by d.
77
Suppose 4*r = 3*r + 2. Let i(s) = 23*s + 7. What is the remainder when i(r) is divided by 14?
11
Let d(u) = -3*u**3 - 5*u**2 - 3*u + 3. Let g be d(5). Let b be (-3)/(36/g)*3. Suppose 2*h - 6*h = -b. Calculate the remainder when h is divided by 17.
15
Let m(g) = g**2 + 3*g. Let n be m(-3). Suppose n = -2*d + 9 + 3. Calculate the remainder when 20 is divided by d.
2
Let p(y) = 23*y**2 - y - 3. Let c(d) = d**2 + 6*d**3 + 0*d**2 + 3*d - 15 + 12. What is the remainder when c(2) is divided by p(1)?
17
Let t be -5 + 9 - (-16)/(-4). Suppose -5*w = -4*o + 3*o - 4, -20 = -w + 5*o. Suppose t*y + y - 10 = w. Calculate the remainder when 37 is divided by y.
7
Let u = -569 - -580. What is the remainder when 85 is divided by u?
8
Suppose d - 5*p - 12 - 35 = 0, -3*d - 2*p = -158. What is the remainder when d is divided by 15?
7
What is the remainder when 134 is divided by (0 + 30/(-4))*(-4 + 2)?
14
Suppose x = -3*m + 60, 2*m + 0*x = -2*x + 36. What is the remainder when 881 is divided by m?
20
Suppose 6*q - 66 - 72 = 0. Suppose 53 - 676 = -7*t. Calculate the remainder when t is divided by q.
20
Let k = 10 + -7. Suppose -5*t = -k*c - 15, t = -3*t + 4*c + 12. Let x = 201 - 195. Calculate the remainder when x is divided by t.
0
Let i(g) = -6*g + 3. Let p be 0 + 0 + -5 - 1. Suppose -2*v = -5*q - 40, -7*v - q - 14 = -8*v. What is the remainder when i(p) is divided by v?
9
Let t = 262 + -217. Calculate the remainder when 197 is divided by t.
17
Let z(f) = 38*f - 222. Calculate the remainder when 339 is divided by z(7).
31
Let d = 378 - 345. Calculate the remainder when 80 is divided by d.
14
Let l(u) = u**3 - 17*u**2 + 12. Suppose 8*n - 2*n - 102 = 0. Calculate the remainder when 35 is divided by l(n).
11
Let i be ((-4)/(-2))/(1 + -3). Let g(x) = -55*x - 1. Let o(m) = m**3 - 5*m**2 + 3*m - 1. Calculate the remainder when g(i) is divided by o(5).
12
Let l(v) = v**3 - 3*v**2 + 4. Let d = -8 + 7. Let g = 2 - d. What is the remainder when l(g) is divided by 2?
0
Let g(o) = 4*o - 3. Let m be g(3). Suppose m*v = 8*v + 6. Let d = 4 + -2. Calculate the remainder when v is divided by d.
0
Let n = 57 - 45. Suppose 2*b - 163 = m, 3*b - 5*m + 361 = 7*b. Suppose -4*k = -2*v + 46, 3*v - 3*k = -0*v + b. Calculate the remainder when v is divided by n.
9
Suppose 9*q - 205 + 25 = 0. What is the remainder when 299 is divided by q?
19
Suppose -4*m + 5*m = 2. Suppose -7 = -3*k + m*k. Suppose -6*s = -k*s + 15. What is the remainder when 27 is divided by s?
12
Let s = 6 + -3. Let n(l) = 3*l**2 - 11 - 11*l + 4*l**2 - 6*l**2. Calculate the remainder when s is divided by n(12).
0
Let u = 109 + 13. Calculate the remainder when u is divided by 55.
12
Let n = 0 - -3. Let l be -2 + (0 - (n + -8)). Suppose -l*a - 2*c - 150 = -8*a, 4*c = -2*a + 60. What is the remainder when a is divided by 11?
8
Let m(c) = c**3 + 12*c**2 - 15*c + 38. Calculate the remainder when m(-11) is divided by 30.
24
Suppose 9*n - p = 6*n + 455, 3*p = -2*n + 318. What is the remainder when 611 is divided by n?
152
Let v = 110 + -76. Suppose -5*f = 693*x - 689*x - 272, 2*f = -x + 71. What is the remainder when x is divided by v?
29
Suppose 0 = 6*j - 110 - 910. What is the remainder when j is divided by 104?
66
Suppose d = 265*u - 270*u + 69, 4*u = d - 15. Let l(a) = a**3 + 2*a**2 - a + 2. What is the remainder when d is divided by l(2)?
7
Let v = 963 + -725. What is the remainder when v is divided by 15?
13
What is the remainder when 246 is divided by -18 + 11 + 18 + 0?
4
Suppose 0 = 7*h - 14 - 7. Let n = 21 - 6. What is the remainder when n*1/(5/2) is divided by h?
0
Suppose 0 = 4*v + t - 74, -4*v + 6*t - 9*t + 70 = 0. Calculate the remainder when 65 is divided by v.
8
Suppose 8*k + d - 14 = 3*k, -4*d = 5*k - 26. What is the remainder when (136/(-6))/((28/(-21))/k) is divided by 6?
4
Suppose 4*a + 5*k = -284, 0 = 2*a - 5*k + 68 + 44. Let p = a + 89. What is the remainder when p is divided by 8?
7
Suppose -18*i + 1012 = 76. Suppose -2*k + 25 = -11. Calculate the remainder when i is divided by k.
16
Let u = -39 - 1. Let m = 62 + u. Calculate the remainder when 85 is divided by m.
19
Suppose 0 = -3*s - s + 4*a + 68, 0 = 4*s + 2*a - 86. Calculate the remainder when 94 is divided by s.
14
Suppose -5*p - 14 + 82 = 3*d, 144 = 4*d - 4*p. Calculate the remainder when 90 is divided by d.
28
Let s be 6/(-15) + (-18)/5. Let b be (-405)/(-75) - s/(-10). What is the remainder when 16 is divided by 1 + -3*b/(-3)?
4
Calculate the remainder when 78 is divided by 13*(-6)/30*-5 + 3.
14
Let b(m) = -m**2 + 3*m - 1. Let d(z) = 2*z - 2. Let h be d(4). Suppose -h = -5*s + 4. What is the remainder when s is divided by b(2)?
0
Suppose 0 = 4*d - 27 + 7. Suppose -2*z - 83 + 205 = d*l, l - 29 = -5*z. What is the remainder when l is divided by (28/(-8))/(-1)*4?
10
Let g(r) = 2*r**3 - 23*r**2 + 19*r + 9. Calculate the remainder when 2325 is divided by g(11).
94
Suppose -y = -23 + 9. What is the remainder when y is divided by 8/(3 + 1) - -3?
4
Let w be (-2004)/18 + (-8)/12. Let h be 3/2*w/(-42). What is the remainder when (-5 - h/(-2)) + 36 is divided by 9?
6
Suppose h + 28 = p, 4*p + 8*h - 6*h - 88 = 0. What is the remainder when 139 is divided by p?
19
Let o(f) = 10*f - 4. Suppose -6*v - 206 = -332. What is the remainder when o(4) is divided by v?
15
Suppose j - 2*t - 2 = 0, -5*j + t + 10 = -3*t. Suppose -15 + 35 = 2*n - 2*d, 0 = 3*n + d - 10. What is the remainder when 2 + 10 - (1 - j) is divided by n?
3
Suppose -399 = -4*o + 677. Calculate the remainder when o is divided by 16.
13
Suppose -5*c = -66 + 6. Suppose 3*x + 0*x - c = 0, -4*g + 3*x + 168 = 0. Let m = -25 + g. Calculate the remainder when 38 is divided by m.
18
Suppose -4*u = -5*k + 26, -u + 2*u = 1. Calculate the remainder when k/18 + 132/9 is divided by 8.
7
Let l = -49 + 81. Let z(r) = 2*r**2 - 19*r - 4. Calculate the remainder when l is divided by z(10).
2
Suppose n - 4*n - 9 = 2*w, -n + 4 = 3*w. Suppose -t - 4*b = 0, 0 = -2*t - t + w*b + 30. Calculate the remainder when 4/8*22 + 1 is divided by t.
4
Suppose 5*h = 305 - 15. Let x = h - 30. Suppose 0 = -3*c + 6*c - 249. Calculate the remainder when c is divided by x.
27
Let p = -41 + 68. Let n be (-4)/(-10) - (-2378)/(-145). What is the remainder when p is divided by -4*4/n*14?
13
Suppose 0 = 3*d + 4*f + 8, 2*d - f - 2*f - 6 = 0. Suppose d = -2*h - h + 24. Calculate the remainder when 31 is divided by h.
7
Suppose y - 3*m - 11 = -m, 0 = -y + 3*m + 7. Let h(n) = 3*n**2 - 33*n - 8. Calculate the remainder when h(13) is divided by y.
13
What is the remainder when (-2)/5 - (-112)/5 is divided by -10*(72/(-30))/3?
6
Suppose -3*b - 20 = 4*u, -3*u - 20 = -b + u. Suppose -v + 101 - 32 = b. Calculate the remainder when v is divided by (-2)/6 + 55/3.
15
Let w = 1914 + -1900. Let g = -24 + 62. What is the remainder when g is divided 